{"id":365,"date":"2026-02-09T15:41:39","date_gmt":"2026-02-09T15:41:39","guid":{"rendered":"https:\/\/bcu.zsab.krakow.pl\/?page_id=365"},"modified":"2026-04-09T18:39:17","modified_gmt":"2026-04-09T18:39:17","slug":"kontakt","status":"publish","type":"page","link":"https:\/\/bcu.zsab.krakow.pl\/?page_id=365","title":{"rendered":"Kontakt"},"content":{"rendered":"\n<p><strong>Bran\u017cowe Centrum Umiej\u0119tno\u015bci nr 1<\/strong><br>ul. J. Szablowskiego 1c<br>30-127 Krak\u00f3w<br>www.bcu.zsab.krakow.pl<\/p>\n\n\n\n<p><strong>Kierownik<\/strong><br><strong>Halina Polaska<\/strong><br>e-mail: h.polaska@zsab.krakow.pl<\/p>\n\n\n\n<p><strong>Zast\u0119pca kierownika<\/strong><br><strong>Maciej Ciapka<\/strong><br>e-mail: m.ciapka@zsab.krakow.pl<\/p>\n\n\n\n<p><strong>Centrala<\/strong><br>tel.: +48 12 265 11 65<br>e-mail: BCU@zsab.krakow.pl<\/p>\n\n\n\n<p><strong>Rekrutacja<\/strong><br>tel.: +48 690 162 567<br>e-mail: BCU.rekrutacja@zsab.krakow.pl<\/p>\n\n\n\n<p><strong>REGON: <\/strong>543534244<\/p>\n","protected":false},"excerpt":{"rendered":"<p>Bran\u017cowe Centrum Umiej\u0119tno\u015bci nr 1ul. J. Szablowskiego 1c30-127 Krak\u00f3wwww.bcu.zsab.krakow.pl KierownikHalina Polaskae-mail: h.polaska@zsab.krakow.pl Zast\u0119pca kierownikaMaciej Ciapkae-mail: m.ciapka@zsab.krakow.pl Centralatel.: +48 12 265 11 65e-mail: BCU@zsab.krakow.pl Rekrutacjatel.: +48 690 162 567e-mail: BCU.rekrutacja@zsab.krakow.pl REGON: 543534244<\/p>\n","protected":false},"author":2,"featured_media":0,"parent":0,"menu_order":0,"comment_status":"closed","ping_status":"closed","template":"","meta":{"footnotes":""},"class_list":["post-365","page","type-page","status-publish","hentry"],"blocksy_meta":[],"_links":{"self":[{"href":"https:\/\/bcu.zsab.krakow.pl\/index.php?rest_route=\/wp\/v2\/pages\/365","targetHints":{"allow":["GET"]}}],"collection":[{"href":"https:\/\/bcu.zsab.krakow.pl\/index.php?rest_route=\/wp\/v2\/pages"}],"about":[{"href":"https:\/\/bcu.zsab.krakow.pl\/index.php?rest_route=\/wp\/v2\/types\/page"}],"author":[{"embeddable":true,"href":"https:\/\/bcu.zsab.krakow.pl\/index.php?rest_route=\/wp\/v2\/users\/2"}],"replies":[{"embeddable":true,"href":"https:\/\/bcu.zsab.krakow.pl\/index.php?rest_route=%2Fwp%2Fv2%2Fcomments&post=365"}],"version-history":[{"count":7,"href":"https:\/\/bcu.zsab.krakow.pl\/index.php?rest_route=\/wp\/v2\/pages\/365\/revisions"}],"predecessor-version":[{"id":1007,"href":"https:\/\/bcu.zsab.krakow.pl\/index.php?rest_route=\/wp\/v2\/pages\/365\/revisions\/1007"}],"wp:attachment":[{"href":"https:\/\/bcu.zsab.krakow.pl\/index.php?rest_route=%2Fwp%2Fv2%2Fmedia&parent=365"}],"curies":[{"name":"wp","href":"https:\/\/api.w.org\/{rel}","templated":true}]}}