{"id":399,"date":"2026-02-09T16:32:46","date_gmt":"2026-02-09T16:32:46","guid":{"rendered":"https:\/\/bcu.zsab.krakow.pl\/?page_id=399"},"modified":"2026-02-12T11:34:04","modified_gmt":"2026-02-12T11:34:04","slug":"pracownia-elektryczna-ukierunkowana-na-iluminacje-budynkow-zabytkowych","status":"publish","type":"page","link":"https:\/\/bcu.zsab.krakow.pl\/?page_id=399","title":{"rendered":"Pracownia elektryczna &#8211; iluminacja budynk\u00f3w"},"content":{"rendered":"\n<p><strong>Pracownia elektryczna ukierunkowana na iluminacj\u0119 budynk\u00f3w zabytkowych<\/strong> zlokalizowana jest na parterze w budynku szko\u0142y. Przestrze\u0144 ta zosta\u0142a wyposa\u017cona w\u00a0<strong>nowoczesne urz\u0105dzenia audiowizualne<\/strong>,\u00a0<strong>profesjonalne modele instalacji elektrycznych i energetycznych<\/strong>, w tym rozwi\u0105zania zwi\u0105zane z <strong>pozyskiwaniem zielonej energii<\/strong>. Uzupe\u0142nieniem zaplecza dydaktycznego s\u0105 specjalistyczne plansze edukacyjne, przyk\u0142adowa iluminacja \u015bciany oraz pe\u0142ne wyposa\u017cenie techniczne, gwarantuj\u0105ce funkcjonowanie\u00a0<strong>pracowni na najwy\u017cszym, profesjonalnym poziomie<\/strong>.<\/p>\n\n\n\n<p><\/p>\n","protected":false},"excerpt":{"rendered":"<p>Pracownia elektryczna ukierunkowana na iluminacj\u0119 budynk\u00f3w zabytkowych zlokalizowana jest na parterze w budynku szko\u0142y. Przestrze\u0144 ta zosta\u0142a wyposa\u017cona w\u00a0nowoczesne urz\u0105dzenia audiowizualne,\u00a0profesjonalne modele instalacji elektrycznych i energetycznych, w tym rozwi\u0105zania zwi\u0105zane z pozyskiwaniem zielonej energii. Uzupe\u0142nieniem zaplecza dydaktycznego s\u0105 specjalistyczne plansze edukacyjne, przyk\u0142adowa iluminacja \u015bciany oraz pe\u0142ne wyposa\u017cenie techniczne, gwarantuj\u0105ce funkcjonowanie\u00a0pracowni na najwy\u017cszym, profesjonalnym poziomie.<\/p>\n","protected":false},"author":2,"featured_media":0,"parent":0,"menu_order":0,"comment_status":"closed","ping_status":"closed","template":"","meta":{"footnotes":""},"class_list":["post-399","page","type-page","status-publish","hentry"],"blocksy_meta":[],"_links":{"self":[{"href":"https:\/\/bcu.zsab.krakow.pl\/index.php?rest_route=\/wp\/v2\/pages\/399","targetHints":{"allow":["GET"]}}],"collection":[{"href":"https:\/\/bcu.zsab.krakow.pl\/index.php?rest_route=\/wp\/v2\/pages"}],"about":[{"href":"https:\/\/bcu.zsab.krakow.pl\/index.php?rest_route=\/wp\/v2\/types\/page"}],"author":[{"embeddable":true,"href":"https:\/\/bcu.zsab.krakow.pl\/index.php?rest_route=\/wp\/v2\/users\/2"}],"replies":[{"embeddable":true,"href":"https:\/\/bcu.zsab.krakow.pl\/index.php?rest_route=%2Fwp%2Fv2%2Fcomments&post=399"}],"version-history":[{"count":3,"href":"https:\/\/bcu.zsab.krakow.pl\/index.php?rest_route=\/wp\/v2\/pages\/399\/revisions"}],"predecessor-version":[{"id":597,"href":"https:\/\/bcu.zsab.krakow.pl\/index.php?rest_route=\/wp\/v2\/pages\/399\/revisions\/597"}],"wp:attachment":[{"href":"https:\/\/bcu.zsab.krakow.pl\/index.php?rest_route=%2Fwp%2Fv2%2Fmedia&parent=399"}],"curies":[{"name":"wp","href":"https:\/\/api.w.org\/{rel}","templated":true}]}}