{"id":449,"date":"2026-02-09T16:41:21","date_gmt":"2026-02-09T16:41:21","guid":{"rendered":"https:\/\/bcu.zsab.krakow.pl\/?page_id=449"},"modified":"2026-04-07T20:46:00","modified_gmt":"2026-04-07T20:46:00","slug":"targi","status":"publish","type":"page","link":"https:\/\/bcu.zsab.krakow.pl\/?page_id=449","title":{"rendered":"Targi"},"content":{"rendered":"\n<p><strong>II Bran\u017cowe Targi Pracy w ZSAB<\/strong><\/p>\n\n\n\n<p>\u200b27.03.2026 r. w Zespole Szk\u00f3\u0142 Architektoniczno-Budowlanych w Krakowie odby\u0142y si\u0119 II Bran\u017cowe Targi Pracy. Nie mog\u0142o na nich zabrakn\u0105\u0107 tak\u017ce Bran\u017cowego Centrum Umiej\u0119tno\u015bci nr 1 w Krakowie. Wydarzenie okaza\u0142o si\u0119 \u015bwietn\u0105 okazj\u0105 do wymiany do\u015bwiadcze\u0144 z ciekawymi pracodawcami z r\u00f3\u017cnych bran\u017c, oferuj\u0105cymi uczniom ZSAB atrakcyjne warunki pracy w przysz\u0142o\u015bci. Sami zobaczcie: II Bran\u017cowe Targi Pracy w ZSAB\u00a0<a href=\"https:\/\/www.facebook.com\/media\/set\/?vanity=BudowlankaKrakow&amp;set=a.1495990678989010\">https:\/\/www.facebook.com\/media\/set\/?vanity=BudowlankaKrakow&amp;set=a.1495990678989010<\/a><\/p>\n\n\n\n<figure class=\"wp-block-gallery has-nested-images columns-default is-cropped wp-block-gallery-1 is-layout-flex wp-block-gallery-is-layout-flex\">\n<figure class=\"wp-block-image size-large\"><img loading=\"lazy\" decoding=\"async\" width=\"768\" height=\"1024\" data-id=\"954\" src=\"https:\/\/bcu.zsab.krakow.pl\/wp-content\/uploads\/2026\/04\/01-3-768x1024.jpeg\" alt=\"\" class=\"wp-image-954\" srcset=\"https:\/\/bcu.zsab.krakow.pl\/wp-content\/uploads\/2026\/04\/01-3-768x1024.jpeg 768w, https:\/\/bcu.zsab.krakow.pl\/wp-content\/uploads\/2026\/04\/01-3-225x300.jpeg 225w, https:\/\/bcu.zsab.krakow.pl\/wp-content\/uploads\/2026\/04\/01-3-1152x1536.jpeg 1152w, https:\/\/bcu.zsab.krakow.pl\/wp-content\/uploads\/2026\/04\/01-3-1536x2048.jpeg 1536w, https:\/\/bcu.zsab.krakow.pl\/wp-content\/uploads\/2026\/04\/01-3-scaled.jpeg 1920w\" sizes=\"auto, (max-width: 768px) 100vw, 768px\" \/><\/figure>\n\n\n\n<figure class=\"wp-block-image size-large\"><img loading=\"lazy\" decoding=\"async\" width=\"1024\" height=\"768\" data-id=\"955\" src=\"https:\/\/bcu.zsab.krakow.pl\/wp-content\/uploads\/2026\/04\/02-2-1024x768.jpg\" alt=\"\" class=\"wp-image-955\" srcset=\"https:\/\/bcu.zsab.krakow.pl\/wp-content\/uploads\/2026\/04\/02-2-1024x768.jpg 1024w, https:\/\/bcu.zsab.krakow.pl\/wp-content\/uploads\/2026\/04\/02-2-300x225.jpg 300w, https:\/\/bcu.zsab.krakow.pl\/wp-content\/uploads\/2026\/04\/02-2-768x576.jpg 768w, https:\/\/bcu.zsab.krakow.pl\/wp-content\/uploads\/2026\/04\/02-2-1536x1152.jpg 1536w, https:\/\/bcu.zsab.krakow.pl\/wp-content\/uploads\/2026\/04\/02-2.jpg 2000w\" sizes=\"auto, (max-width: 1024px) 100vw, 1024px\" \/><\/figure>\n\n\n\n<figure class=\"wp-block-image size-large\"><img loading=\"lazy\" decoding=\"async\" width=\"1024\" height=\"768\" data-id=\"956\" src=\"https:\/\/bcu.zsab.krakow.pl\/wp-content\/uploads\/2026\/04\/03-3-1024x768.jpg\" alt=\"\" class=\"wp-image-956\" srcset=\"https:\/\/bcu.zsab.krakow.pl\/wp-content\/uploads\/2026\/04\/03-3-1024x768.jpg 1024w, https:\/\/bcu.zsab.krakow.pl\/wp-content\/uploads\/2026\/04\/03-3-300x225.jpg 300w, https:\/\/bcu.zsab.krakow.pl\/wp-content\/uploads\/2026\/04\/03-3-768x576.jpg 768w, https:\/\/bcu.zsab.krakow.pl\/wp-content\/uploads\/2026\/04\/03-3-1536x1152.jpg 1536w, https:\/\/bcu.zsab.krakow.pl\/wp-content\/uploads\/2026\/04\/03-3.jpg 2000w\" sizes=\"auto, (max-width: 1024px) 100vw, 1024px\" \/><\/figure>\n<\/figure>\n","protected":false},"excerpt":{"rendered":"<p>II Bran\u017cowe Targi Pracy w ZSAB \u200b27.03.2026 r. w Zespole Szk\u00f3\u0142 Architektoniczno-Budowlanych w Krakowie odby\u0142y si\u0119 II Bran\u017cowe Targi Pracy. Nie mog\u0142o na nich zabrakn\u0105\u0107 tak\u017ce Bran\u017cowego Centrum Umiej\u0119tno\u015bci nr 1 w Krakowie. Wydarzenie okaza\u0142o si\u0119 \u015bwietn\u0105 okazj\u0105 do wymiany do\u015bwiadcze\u0144 z ciekawymi pracodawcami z r\u00f3\u017cnych bran\u017c, oferuj\u0105cymi uczniom ZSAB atrakcyjne warunki pracy w przysz\u0142o\u015bci. [&hellip;]<\/p>\n","protected":false},"author":2,"featured_media":0,"parent":0,"menu_order":0,"comment_status":"closed","ping_status":"closed","template":"","meta":{"footnotes":""},"class_list":["post-449","page","type-page","status-publish","hentry"],"blocksy_meta":[],"_links":{"self":[{"href":"https:\/\/bcu.zsab.krakow.pl\/index.php?rest_route=\/wp\/v2\/pages\/449","targetHints":{"allow":["GET"]}}],"collection":[{"href":"https:\/\/bcu.zsab.krakow.pl\/index.php?rest_route=\/wp\/v2\/pages"}],"about":[{"href":"https:\/\/bcu.zsab.krakow.pl\/index.php?rest_route=\/wp\/v2\/types\/page"}],"author":[{"embeddable":true,"href":"https:\/\/bcu.zsab.krakow.pl\/index.php?rest_route=\/wp\/v2\/users\/2"}],"replies":[{"embeddable":true,"href":"https:\/\/bcu.zsab.krakow.pl\/index.php?rest_route=%2Fwp%2Fv2%2Fcomments&post=449"}],"version-history":[{"count":2,"href":"https:\/\/bcu.zsab.krakow.pl\/index.php?rest_route=\/wp\/v2\/pages\/449\/revisions"}],"predecessor-version":[{"id":958,"href":"https:\/\/bcu.zsab.krakow.pl\/index.php?rest_route=\/wp\/v2\/pages\/449\/revisions\/958"}],"wp:attachment":[{"href":"https:\/\/bcu.zsab.krakow.pl\/index.php?rest_route=%2Fwp%2Fv2%2Fmedia&parent=449"}],"curies":[{"name":"wp","href":"https:\/\/api.w.org\/{rel}","templated":true}]}}