{"id":494,"date":"2026-02-09T17:06:59","date_gmt":"2026-02-09T17:06:59","guid":{"rendered":"https:\/\/bcu.zsab.krakow.pl\/?page_id=494"},"modified":"2026-04-16T20:28:59","modified_gmt":"2026-04-16T20:28:59","slug":"oferta-2","status":"publish","type":"page","link":"https:\/\/bcu.zsab.krakow.pl\/?page_id=494","title":{"rendered":"Oferta"},"content":{"rendered":"\n<p class=\"has-text-align-center\"><strong>HARMONOGRAM SZKOLE\u0143<\/strong><br><strong>dla os\u00f3b doros\u0142ych b\u0119d\u0105cych nauczycielami kszta\u0142cenia zawodowego<\/strong><\/p>\n\n\n\n<figure class=\"wp-block-table is-style-stripes\"><table style=\"border-width:14px\"><tbody><tr><td><strong>OZN.<\/strong><\/td><td><strong>NAZWA BRAN\u017bOWEGO SZKOLENIA ZAWODOWEGO<\/strong><\/td><td class=\"has-text-align-center\" data-align=\"center\"><strong>LICZBA OS\u00d3B<\/strong><\/td><td class=\"has-text-align-center\" data-align=\"center\"><strong>LICZBA GODZIN<\/strong><\/td><td class=\"has-text-align-center\" data-align=\"center\"><strong>TERMIN SZKOLENIA<\/strong><\/td><\/tr><tr><td><strong>Z-7<\/strong><\/td><td><strong><a href=\"https:\/\/bcu.zsab.krakow.pl\/?page_id=713\" data-type=\"page\" data-id=\"713\" target=\"_blank\" rel=\"noreferrer noopener\">Cyfryzacja budownictwa z wykorzystaniem metodyki i narz\u0119dzi BIM<\/a><\/strong> (rekrutacja zako\u0144czona)<\/td><td class=\"has-text-align-center\" data-align=\"center\">20<\/td><td class=\"has-text-align-center\" data-align=\"center\">30<\/td><td class=\"has-text-align-center\" data-align=\"center\">04-07.05.2026<\/td><\/tr><\/tbody><\/table><\/figure>\n\n\n\n<p><\/p>\n","protected":false},"excerpt":{"rendered":"<p>HARMONOGRAM SZKOLE\u0143dla os\u00f3b doros\u0142ych b\u0119d\u0105cych nauczycielami kszta\u0142cenia zawodowego OZN. NAZWA BRAN\u017bOWEGO SZKOLENIA ZAWODOWEGO LICZBA OS\u00d3B LICZBA GODZIN TERMIN SZKOLENIA Z-7 Cyfryzacja budownictwa z wykorzystaniem metodyki i narz\u0119dzi BIM (rekrutacja zako\u0144czona) 20 30 04-07.05.2026<\/p>\n","protected":false},"author":2,"featured_media":0,"parent":0,"menu_order":0,"comment_status":"closed","ping_status":"closed","template":"","meta":{"footnotes":""},"class_list":["post-494","page","type-page","status-publish","hentry"],"blocksy_meta":[],"_links":{"self":[{"href":"https:\/\/bcu.zsab.krakow.pl\/index.php?rest_route=\/wp\/v2\/pages\/494","targetHints":{"allow":["GET"]}}],"collection":[{"href":"https:\/\/bcu.zsab.krakow.pl\/index.php?rest_route=\/wp\/v2\/pages"}],"about":[{"href":"https:\/\/bcu.zsab.krakow.pl\/index.php?rest_route=\/wp\/v2\/types\/page"}],"author":[{"embeddable":true,"href":"https:\/\/bcu.zsab.krakow.pl\/index.php?rest_route=\/wp\/v2\/users\/2"}],"replies":[{"embeddable":true,"href":"https:\/\/bcu.zsab.krakow.pl\/index.php?rest_route=%2Fwp%2Fv2%2Fcomments&post=494"}],"version-history":[{"count":11,"href":"https:\/\/bcu.zsab.krakow.pl\/index.php?rest_route=\/wp\/v2\/pages\/494\/revisions"}],"predecessor-version":[{"id":1020,"href":"https:\/\/bcu.zsab.krakow.pl\/index.php?rest_route=\/wp\/v2\/pages\/494\/revisions\/1020"}],"wp:attachment":[{"href":"https:\/\/bcu.zsab.krakow.pl\/index.php?rest_route=%2Fwp%2Fv2%2Fmedia&parent=494"}],"curies":[{"name":"wp","href":"https:\/\/api.w.org\/{rel}","templated":true}]}}