{"id":496,"date":"2026-02-09T17:07:10","date_gmt":"2026-02-09T17:07:10","guid":{"rendered":"https:\/\/bcu.zsab.krakow.pl\/?page_id=496"},"modified":"2026-03-17T19:17:38","modified_gmt":"2026-03-17T19:17:38","slug":"rekrutacja-3","status":"publish","type":"page","link":"https:\/\/bcu.zsab.krakow.pl\/?page_id=496","title":{"rendered":"Rekrutacja"},"content":{"rendered":"\n<p>Trwa rekrutacja na szkolenia, kt\u00f3re odb\u0119d\u0105 si\u0119 w terminie od marca do czerwca 2026 r. O&nbsp;zakwalifikowaniu na szkolenie decyduje spe\u0142nienie przez kandydata\/-k\u0119 warunk\u00f3w okre\u015blonych w \u201eRegulaminie rekrutacji i uczestnictwa w szkoleniach i kursach\u201d oraz kolejno\u015b\u0107 zg\u0142osze\u0144.&nbsp;Dok\u0142adny termin szkole\u0144 zostanie podany do wiadomo\u015bci zakwalifikowanych os\u00f3b po zebraniu grupy. Ze szczeg\u00f3\u0142ami dotycz\u0105cymi tematyki i&nbsp;zakresu programowego szkole\u0144 mo\u017cna si\u0119 zapozna\u0107 na w zak\u0142adce \u201eBezp\u0142atne szkolenia\u201d.<\/p>\n\n\n\n<p><strong>Aby wzi\u0105\u0107 udzia\u0142 w&nbsp;rekrutacji, nale\u017cy:<\/strong><\/p>\n\n\n\n<p>\u2022&nbsp;zapozna\u0107 si\u0119 z&nbsp;\u201eRegulaminem rekrutacji i&nbsp;uczestnictwa w szkoleniach i kursach organizowanych w&nbsp;ramach Bran\u017cowego Centrum Umiej\u0119tno\u015bci nr 1 w Krakowie w&nbsp;dziedzinie renowacji element\u00f3w architektury\u201d,<\/p>\n\n\n\n<div class=\"wp-block-file\"><a id=\"wp-block-file--media-b352c385-dfb7-4258-9531-6c199d85e43c\" href=\"https:\/\/bcu.zsab.krakow.pl\/wp-content\/uploads\/2026\/03\/Regulamin-rekrutacji-BCU-ZSAB-1.pdf\">Regulamin rekrutacji BCU ZSAB.pdf<\/a><a href=\"https:\/\/bcu.zsab.krakow.pl\/wp-content\/uploads\/2026\/03\/Regulamin-rekrutacji-BCU-ZSAB-1.pdf\" class=\"wp-block-file__button wp-element-button\" download aria-describedby=\"wp-block-file--media-b352c385-dfb7-4258-9531-6c199d85e43c\">Pobierz<\/a><\/div>\n\n\n\n<p>\u2022&nbsp;pobra\u0107, wydrukowa\u0107, wype\u0142ni\u0107 i podpisa\u0107 Formularz zg\u0142oszeniowy stanowi\u0105cy&nbsp;Za\u0142\u0105cznik nr&nbsp;1 do \u201eRegulaminu&nbsp;rekrutacji i&nbsp;uczestnictwa w szkoleniach i kursach\u201d,<\/p>\n\n\n\n<p>\u2022&nbsp;pobra\u0107, wydrukowa\u0107 i&nbsp;wype\u0142ni\u0107 i podpisa\u0107&nbsp;Za\u0142\u0105cznik nr&nbsp;6 i Za\u0142\u0105cznik nr&nbsp;7&nbsp;do \u201eRegulaminu&nbsp;rekrutacji i&nbsp;uczestnictwa w szkoleniach i kursach\u201d.<\/p>\n\n\n\n<p><br>\u200bWype\u0142nione i podpisane dokumenty nale\u017cy dostarczy\u0107 osobi\u015bcie do siedziby BCU nr&nbsp;1 w Krakowie, za po\u015brednictwem poczty tradycyjnej lub drog\u0105 elektroniczn\u0105 (skany podpisanych dokument\u00f3w) na adres:&nbsp;<a href=\"mailto:bcu.rekrutacja@zsab.krakow.pl\"><strong>bcu.rekrutacja@zsab.krakow.pl<\/strong><\/a>.<\/p>\n\n\n\n<p><br><\/p>\n","protected":false},"excerpt":{"rendered":"<p>Trwa rekrutacja na szkolenia, kt\u00f3re odb\u0119d\u0105 si\u0119 w terminie od marca do czerwca 2026 r. O&nbsp;zakwalifikowaniu na szkolenie decyduje spe\u0142nienie przez kandydata\/-k\u0119 warunk\u00f3w okre\u015blonych w \u201eRegulaminie rekrutacji i uczestnictwa w szkoleniach i kursach\u201d oraz kolejno\u015b\u0107 zg\u0142osze\u0144.&nbsp;Dok\u0142adny termin szkole\u0144 zostanie podany do wiadomo\u015bci zakwalifikowanych os\u00f3b po zebraniu grupy. Ze szczeg\u00f3\u0142ami dotycz\u0105cymi tematyki i&nbsp;zakresu programowego szkole\u0144 mo\u017cna [&hellip;]<\/p>\n","protected":false},"author":2,"featured_media":0,"parent":0,"menu_order":0,"comment_status":"closed","ping_status":"closed","template":"","meta":{"footnotes":""},"class_list":["post-496","page","type-page","status-publish","hentry"],"blocksy_meta":[],"_links":{"self":[{"href":"https:\/\/bcu.zsab.krakow.pl\/index.php?rest_route=\/wp\/v2\/pages\/496","targetHints":{"allow":["GET"]}}],"collection":[{"href":"https:\/\/bcu.zsab.krakow.pl\/index.php?rest_route=\/wp\/v2\/pages"}],"about":[{"href":"https:\/\/bcu.zsab.krakow.pl\/index.php?rest_route=\/wp\/v2\/types\/page"}],"author":[{"embeddable":true,"href":"https:\/\/bcu.zsab.krakow.pl\/index.php?rest_route=\/wp\/v2\/users\/2"}],"replies":[{"embeddable":true,"href":"https:\/\/bcu.zsab.krakow.pl\/index.php?rest_route=%2Fwp%2Fv2%2Fcomments&post=496"}],"version-history":[{"count":8,"href":"https:\/\/bcu.zsab.krakow.pl\/index.php?rest_route=\/wp\/v2\/pages\/496\/revisions"}],"predecessor-version":[{"id":922,"href":"https:\/\/bcu.zsab.krakow.pl\/index.php?rest_route=\/wp\/v2\/pages\/496\/revisions\/922"}],"wp:attachment":[{"href":"https:\/\/bcu.zsab.krakow.pl\/index.php?rest_route=%2Fwp%2Fv2%2Fmedia&parent=496"}],"curies":[{"name":"wp","href":"https:\/\/api.w.org\/{rel}","templated":true}]}}